en 2424854 is divided by 695?
694
Calculate the remainder when 4465 is divided by 1435.
160
What is the remainder when 7002 is divided by 55?
17
What is the remainder when 84496 is divided by 223?
202
Calculate the remainder when 148001 is divided by 652.
649
Calculate the remainder when 297904 is divided by 3310.
4
Calculate the remainder when 2148 is divided by 1033.
82
Calculate the remainder when 2335 is divided by 359.
181
What is the remainder when 66414 is divided by 60?
54
What is the remainder when 17165 is divided by 148?
145
What is the remainder when 13604 is divided by 2264?
20
What is the remainder when 113558 is divided by 1556?
1526
Calculate the remainder when 204863 is divided by 32.
31
Calculate the remainder when 11092 is divided by 1344.
340
Calculate the remainder when 826457 is divided by 6.
5
Calculate the remainder when 4419 is divided by 738.
729
What is the remainder when 20278 is divided by 344?
326
What is the remainder when 22857 is divided by 3242?
163
What is the remainder when 19601 is divided by 318?
203
What is the remainder when 9831 is divided by 1208?
167
Calculate the remainder when 447 is divided by 216.
15
Calculate the remainder when 12326 is divided by 195.
41
What is the remainder when 114878 is divided by 20?
18
Calculate the remainder when 37917 is divided by 79.
76
What is the remainder when 13764 is divided by 147?
93
What is the remainder when 1756 is divided by 512?
220
What is the remainder when 36287 is divided by 54?
53
Calculate the remainder when 475668 is divided by 15344.
4
Calculate the remainder when 221334 is divided by 146.
144
Calculate the remainder when 2222 is divided by 2184.
38
What is the remainder when 19537 is divided by 501?
499
What is the remainder when 93003 is divided by 30996?
15
Calculate the remainder when 348186 is divided by 351.
345
What is the remainder when 30105 is divided by 101?
7
Calculate the remainder when 55123 is divided by 175.
173
What is the remainder when 495 is divided by 434?
61
What is the remainder when 2221 is divided by 544?
45
What is the remainder when 373823 is divided by 649?
648
What is the remainder when 77614 is divided by 79?
36
Calculate the remainder when 5709 is divided by 252.
165
Calculate the remainder when 21771 is divided by 56.
43
Calculate the remainder when 11072578 is divided by 124.
122
What is the remainder when 18594 is divided by 9082?
430
What is the remainder when 129038 is divided by 2187?
5
What is the remainder when 31958 is divided by 1030?
28
What is the remainder when 38325 is divided by 616?
133
Calculate the remainder when 22971 is divided by 8.
3
Calculate the remainder when 198692 is divided by 81.
80
What is the remainder when 7417 is divided by 55?
47
Calculate the remainder when 18674 is divided by 6185.
119
Calculate the remainder when 33250 is divided by 16609.
32
What is the remainder when 51975 is divided by 520?
495
What is the remainder when 38346 is divided by 24?
18
Calculate the remainder when 5890 is divided by 1508.
1366
What is the remainder when 1616349 is divided by 405?
399
Calculate the remainder when 5964 is divided by 992.
12
What is the remainder when 3463 is divided by 802?
255
What is the remainder when 20837 is divided by 379?
371
Calculate the remainder when 142103 is divided by 12917.
16
Calculate the remainder when 26875 is divided by 140.
135
Calculate the remainder when 1350120 is divided by 168763.
16
Calculate the remainder when 2388257 is divided by 28.
25
What is the remainder when 16321 is divided by 2718?
13
What is the remainder when 10588 is divided by 2063?
273
What is the remainder when 1780 is divided by 329?
135
Calculate the remainder when 3260 is divided by 274.
246
What is the remainder when 22025 is divided by 880?
25
What is the remainder when 11342 is divided by 5588?
166
What is the remainder when 5371 is divided by 215?
211
Calculate the remainder when 29827 is divided by 29737.
90
Calculate the remainder when 84289 is divided by 669.
664
Calculate the remainder when 106623 is divided by 161.
41
Calculate the remainder when 2376 is divided by 102.
30
Calculate the remainder when 25599 is divided by 1071.
966
What is the remainder when 82898 is divided by 159?
59
Calculate the remainder when 980 is divided by 4.
0
What is the remainder when 10426 is divided by 402?
376
What is the remainder when 18231 is divided by 1520?
1511
What is the remainder when 378457 is divided by 127?
124
What is the remainder when 67951 is divided by 2424?
79
Calculate the remainder when 1570 is divided by 522.
4
What is the remainder when 1096 is divided by 578?
518
What is the remainder when 4266 is divided by 1058?
34
Calculate the remainder when 214918 is divided by 108.
106
What is the remainder when 576 is divided by 39?
30
What is the remainder when 6246 is divided by 67?
15
What is the remainder when 893 is divided by 365?
163
Calculate the remainder when 10384 is divided by 221.
218
What is the remainder when 11527 is divided by 3415?
1282
Calculate the remainder when 96923 is divided by 23.
1
What is the remainder when 1988 is divided by 1985?
3
Calculate the remainder when 735624 is divided by 47.
27
Calculate the remainder when 150074 is divided by 183.
14
Calculate the remainder when 2226 is divided by 377.
341
What is the remainder when 753 is divided by 67?
16
Calculate the remainder when 189 is divided by 23.
5
Calculate the remainder when 88091 is divided by 907.
112
Calculate the remainder when 16235 is divided by 2609.
581
Calculate the remainder when 578301 is divided by 455.
451
What is the remainder when 354886 is divided by 372?
370
Calculate the remainder when 10214 is divided by 13.
9
Calculate the remainder when 9009 is divided by 1990.
1049
What is the remainder when 682 is divided by 655?
27
Calculate the remainder when 4289 is divided by 252.
5
Calculate the remainder when 1776781 is divided by 28.
13
Calculate the remainder when 93166 is divided by 385.
381
What is the remainder when 68713 is divided by 5285?
8
What is the remainder when 49463 is divided by 23?
13
Calculate the remainder when 7783 is divided by 9.
7
What is the remainder when 406043 is divided by 23?
1
What is the remainder when 203867 is divided by 67920?
107
Calculate the remainder when 5057 is divided by 102.
59
What is the remainder when 59614 is divided by 19866?
16
Calculate the remainder when 48466 is divided by 84.
82
Calculate the remainder when 603346 is divided by 24.
10
Calculate the remainder when 19745 is divided by 3944.
25
Calculate the remainder when 31366 is divided by 19.
16
Calculate the remainder when 38102 is divided by 1411.
5
Calculate the remainder when 3380 is divided by 85.
65
Calculate the remainder when 27920 is divided by 19.
9
Calculate the remainder when 45409 is divided by 11308.
177
What is the remainder when 9006 is divided by 117?
114
Calculate the remainder when 10823 is divided by 52.
7
What is the remainder when 44960 is divided by 691?
45
What is the remainder when 29812 is divided by 320?
52
What is the remainder when 19753 is divided by 89?
84
Calculate the remainder when 144198 is divided by 96.
6
What is the remainder when 1620 is divided by 234?
216
What is the remainder when 1517 is divided by 38?
35
What is the remainder when 999 is divided by 113?
95
Calculate the remainder when 21323 is divided by 888.
11
Calculate the remainder when 473287 is divided by 22537.
10
Calculate the remainder when 4697 is divided by 39.
17
Calculate the remainder when 4510 is divided by 236.
26
Calculate the remainder when 9739 is divided by 110.
59
What is the remainder when 9136 is divided by 204?
160
What is the remainder when 42282 is divided by 707?
569
What is the remainder when 17029 is divided by 16988?
41
Calculate the remainder when 23689 is divided by 36.
1
Calculate the remainder when 79066 is divided by 33.
31
What is the remainder when 305181 is divided by 92?
17
What is the remainder when 7559 is divided by 36?
35
Calculate the remainder when 17447 is divided by 331.
235
What is the remainder when 31494 is divided by 6291?
39
Calculate the remainder when 449805 is divided by 128.
13
Calculate the remainder when 910185 is divided by 521.
519
